pose 5*g = 3895 + i. Is g a prime number?
False
Let a(x) = 99 - 189 - 3*x + 102. Let r be a(3). Suppose 0 = -r*d + 2909 + 1318. Is d composite?
False
Suppose -22*v - 146*v + 163235370 = -30*v. Is v a composite number?
True
Let u(w) = 21*w**2 - 2*w + 4. Suppose 0 = 2*t + 3*a + 18, 4*t = -3*a - 0*a - 24. Is u(t) a composite number?
False
Suppose 11*m = 184*m - 16706091. Is m a composite number?
True
Let q be (-30)/(-345) + 62915/(-115). Let i = q - -878. Is i a composite number?
False
Suppose 5*v - 44 = v. Let q be (-956)/v*-20 + (-52)/286. Let x = q - 1205. Is x a composite number?
True
Let q(y) = y**3 - y**2 - 4*y + 1. Let l be q(3). Suppose 10*v - 764 = l*v - c, 752 = 3*v - 5*c. Is v prime?
False
Let h = 9871 + 10606. Is h a composite number?
False
Let r be (-792)/(-90)*(116 + -1). Suppose -13*u = -17*u + r. Is u a composite number?
True
Suppose 1254 = 3*h + 3*b, -6*h + 848 = -4*h - 4*b. Let y be h/(-4 - 2)*7/(-2). Suppose x - 732 = -y. Is x prime?
True
Suppose 28239 - 126048 = -3*o. Is o composite?
False
Suppose 0 = t + 5*u + u - 345121, 5*t + 3*u = 1725713. Is t prime?
False
Is ((-60)/(-45))/(7/(-3) - -2) + 4373 prime?
False
Let w(t) = 2*t**2 - 12*t - 57. Let f be w(9). Let x(z) = -2057*z - 4. Is x(f) prime?
False
Let k(w) = 16*w + 69. Let h be k(-4). Suppose 4*o - 20841 = -d - 257, h*o + 3*d - 25723 = 0. Is o a prime number?
True
Suppose -2*q = -78 - 128. Suppose 0 = -r + q. Let d = r + 60. Is d a prime number?
True
Let y = -11179 - -25436. Is y a composite number?
True
Let z(m) = 2612*m - 619. Is z(6) prime?
True
Let l be ((-75)/(-27) - (-14)/63) + 1443. Let v = 2123 - l. Is v prime?
True
Suppose -4*z - r + 148 = 0, 5*z + 6*r = 4*r + 188. Is (z - -1061)*(-1 + 1*2) composite?
False
Suppose -2*v = -5*c + 2*c - 3, -18 = -2*v - 2*c. Is (-19 + 22)*47206/v prime?
True
Let f(n) = 27*n**2 + 580*n - 88. Is f(111) a composite number?
True
Let d(n) = 3502*n**2 - 17*n - 21. Is d(-2) a prime number?
False
Let q(k) = 146652*k**3 + k**2 + 41*k - 43. Is q(1) composite?
True
Suppose 9*s = 2086087 - 373360. Is s a composite number?
True
Is (15 - 5 - 772445)/(-5) composite?
False
Suppose -53*z = -42*z - 117714 - 12779. Is z a composite number?
False
Suppose -122*n + 116*n = -248922. Is n a prime number?
False
Suppose 13823 - 4844 = 41*n. Let c be ((-1)/(-2))/((-1)/(-6)). Suppose 4*j - 6*s + 3*s = n, 0 = c*j + s - 148. Is j a composite number?
True
Let p = -107 + 122. Suppose -p*c + 16*c - 1726 = 0. Is c a composite number?
True
Let w(m) = -7*m**2 - 58*m + 14. Let g be w(14). Let o = g - -4487. Is o prime?
False
Let v be 4842/(-5) + (-1)/(-10)*-6. Let d = 1280 + -1804. Let h = d - v. Is h composite?
True
Let f(d) = d**3 + 12*d**2 - 13*d + 1. Let u be f(-13). Let k(p) = 418*p - 9. Let h be k(u). Suppose 0 = 5*v - h - 836. Is v a prime number?
False
Let w(s) = 5*s + 21. Let u be w(-4). Suppose 5*t - 3*z = 4*t + u, -z = 5*t + 11. Is (-15)/(-6) + t - (-3725)/10 composite?
False
Let c(v) = 283*v**2 + 3*v - 9. Let h be c(3). Let j = -1304 + h. Is j a prime number?
False
Suppose -8*l + 38220 = -6612. Let v = l + -2421. Is v a prime number?
False
Suppose 4*h = 25*s - 21*s + 15540, h + 2*s = 3885. Let c = h - -21004. Is c a composite number?
False
Let f(m) = 5141*m - 53. Let o be f(7). Suppose -8*j + 24818 = -o. Is j a composite number?
True
Suppose 0 = -5*m - 31639 - 6381. Is m/(-7) - -1 - 4/14 prime?
True
Let y = -34715 - -106866. Is y composite?
True
Let h be -1*1/(-2) + (-55119)/(-6). Let n = h - 3216. Is n composite?
True
Let k be 4/20*10 + 8. Suppose -5*a + 3*c + 30496 = 0, k = 5*c - 5. Is a composite?
False
Let c be 3/15 + (4 - 55/25). Suppose -7*a = 5*g - c*a - 11580, 6946 = 3*g + a. Is g a composite number?
True
Let j be ((-312)/(-468))/(0 - 1/22377). Let z = -9139 - j. Is z prime?
True
Suppose -4*t = -q - 701, -5 = -3*t + 4. Let x = -377 + 119. Let b = x - q. Is b a composite number?
False
Suppose c + 8*c = 4*c. Suppose -w - 749 + 145 = c. Let s = w - -1795. Is s a composite number?
True
Let y(p) = -2*p**2 - 72*p + 60. Let m be y(-35). Let j = 345 - m. Is j a prime number?
False
Let q = 3 + 0. Suppose 2*l + 21 = -5*h, 29 - 10 = 2*l - q*h. Suppose n = -2*r + 40, -l*r - r = -n - 70. Is r prime?
False
Is 2*(-4)/14 - (-232546745)/7945 a prime number?
True
Suppose -7*y = -8*y - 3570. Let f = 2178 + y. Is (1/2)/((-8)/f) a prime number?
False
Let r be (8/6)/((-16)/(-24)). Suppose -r*q + 10 = 0, d - q - 19349 = -d. Is d a composite number?
False
Let l(v) be the second derivative of -7*v**4/6 - 14*v**3/3 + 9*v**2 - 40*v. Let n be l(-12). Let b = n - -6547. Is b composite?
True
Suppose -3*v + 8 - 11 = 0. Let p be v/(3 - (-1424)/(-474)). Suppose 2*b - p = 341. Is b a prime number?
False
Is 210/(-126) - (-3712870)/15 a prime number?
False
Let i = 92 + -87. Suppose i*r = -5*m + 15355, -3*m = -5*m + 2*r + 6138. Suppose -m = -16*g + 14*g. Is g prime?
False
Suppose -9*f + 6208 = -155405. Is f composite?
False
Let g(p) = 110*p**3 + 13*p**2 + 13*p - 26. Is g(5) a composite number?
True
Let c = 184 + -186. Is (-13814)/c + (-4 - 4) composite?
False
Suppose -l + 5*g = g + 16, 5*l - 4 = -g. Let i(n) = n**3 - 2*n**2 + 2*n - 52. Let a be i(l). Let f = a - -201. Is f prime?
True
Suppose 2*d = -4*h + 44, 4*d - 3*h + 23 = 67. Suppose 13*p = d*p - 785. Is p a prime number?
False
Suppose 3*m - 18945 = -4*y, 2*y + 0*y + 4*m = 9460. Suppose -8*v = -3*v - y. Is (v/(-2))/(-3) + 0 a composite number?
True
Let c be (17889/15*2)/(1/(-5)). Let v be c/(-6) - (32/(-12))/8. Suppose -702 = -10*s + v. Is s composite?
False
Let l(n) = 5*n**2 - 39*n + 25. Let d be l(15). Let m = -122 + d. Is m a composite number?
False
Let l = 248779 + -138696. Is l composite?
False
Suppose u - 3*z - 336067 = 0, 0 = u + 8*z - 12*z - 336063. Is u a composite number?
False
Let t(r) = -2*r + 31. Let g be t(13). Suppose 0 = g*c - 4*s - 4, -4*c + 2*s + 12 = 4. Suppose u + c*u - 3*w - 2780 = 0, w - 1101 = -2*u. Is u a prime number?
False
Let t(g) = 5*g**2 + 1004*g**3 - 111 - 111 - 7*g + 224. Let p be t(2). Suppose -3076 + p = 3*r - i, -8276 = -5*r - i. Is r a prime number?
False
Suppose 1524*u = 1548*u - 3723672. Is u prime?
True
Let j be (-15 - 8/4)*1. Let u = 16 + j. Let w(h) = 706*h**2 + 1. Is w(u) composite?
True
Let w(f) = -48*f**2 + 4*f + 235. Let i(c) = -11*c**2 + c + 59. Let s(v) = -9*i(v) + 2*w(v). Is s(-21) composite?
False
Let z be 36/(-3)*(-8 - 40088/24). Let j = z - 14267. Is j a composite number?
True
Let g(l) = -l**3 + 9*l**2 - 13*l + 1. Suppose 0 = 4*a + 5*u - 38, 3*a - 2*u - 27 = -5*u. Let d be g(a). Is d/14 + 6404/14 composite?
True
Suppose 11*a - 12*a - 4*y + 6144 = 0, -3*a + 3*y + 18417 = 0. Suppose a = 5*c - c. Is c a composite number?
True
Suppose -10725*q = -10733*q + 280184. Is q prime?
True
Let f be 2*1*(688/(-32) - 11). Is (-57732)/(-20) - 26/f a composite number?
False
Suppose -2*o + 21*o = 114. Suppose -11*p = o*p - 36703. Is p a prime number?
False
Let g be (-471)/9*(-336)/2. Suppose 2*h + 35 = 9*h. Suppose 2*d - 3*k = -3*d + g, -h*d - 5*k = -8800. Is d composite?
False
Suppose 0 = 10*x - 27 - 3. Suppose x*j = -5*f + 46, j + 13 = 4*f - 0. Suppose 0 = 13*q - j*q - 6846. Is q prime?
False
Let q be 3266 - 5*6/(-15). Let z = q + -1605. Is z prime?
True
Let v(r) = -r**2 + 5*r + 4. Let x be v(5). Suppose 3*g = x*h + g - 6690, -4*g = 2*h - 3350. Is h composite?
True
Suppose -5*l - 4 = -3*l + 2*j, 5*l - 3*j - 30 = 0. Is (-7363)/(-111)*l*1 a composite number?
False
Let l(k) = 71*k**2 - 19*k - 21. Let t be l(-9). Let x(w) = -w**2 + 6*w - 1. Let r be x(5). Suppose 7*f = r*f + t. Is f a composite number?
True
Suppose 2*i = 2*z - 3*i - 27292, 3*z = -4*i + 40915. Suppose -87*t = -90*t + z. Is t a composite number?
False
Let s = 1927 - -297. Suppose o = 4*k + s + 1055, -o - 3*k = -3244. Is o composite?
False
Is (1165824/(-65) - 58/(-377))/(4/(-10)) a composite number?
False
Suppose 7868 = 5*g - 732. Let s = g + -286. Let y = -581 + s. Is y a composite number?
False
Let u(w) be the second derivative of 73*w**3/6 - 19*w**2/2 + 1170*w. Suppose 10 = 2*z - 2. Is u(z) a composite number?
False
Let r(t) be the third derivative of 9*t**5/20 - t**4/3 + 4*t**3 - t**2 - 8*t. Is r(-19) a prime number?
True
Let n(u) = -2*u - 10. Suppose -2 + 9 = -q. Let b be n(q). Suppose 0 = b*z - 4280 + 868. Is z a composite number